{"id":145,"date":"2025-04-12T16:25:33","date_gmt":"2025-04-12T14:25:33","guid":{"rendered":"https:\/\/acaciafrance.fr\/?page_id=145"},"modified":"2026-04-22T16:57:07","modified_gmt":"2026-04-22T14:57:07","slug":"utiliser-labview-pour-creer-des-applicationsde-mesure-et-de-tests","status":"publish","type":"page","link":"https:\/\/andragogieformation.fr\/index.php\/utiliser-labview-pour-creer-des-applicationsde-mesure-et-de-tests\/","title":{"rendered":"UTILISER LABVIEW"},"content":{"rendered":"\n<p>UTILISER LabVIEW POUR CR\u00c9ER DES APPLICATIONS DE MESURE ET DE TESTS<br>Public : Technicien sup\u00e9rieur, technicien, ing\u00e9nieur ou toute personne concern\u00e9e par la mesure et ayant une exp\u00e9rience, niveau d\u00e9butant, de la programmation. Cette formation ne requiert aucune connaissance particuli\u00e8re de l\u2019outil LabVIEW<\/p>\n\n\n\n<p>Dur\u00e9e : 38 h sur 4 mois<br>Objectif : La formation \u00ab Utiliser LabVIEW pour cr\u00e9er des applications de mesure et de tests \u00bb permet de s\u2019initier \u00e0 la programmation graphique sous LabVIEW<\/p>\n\n\n\n<div data-wp-interactive=\"core\/file\" class=\"wp-block-file\"><object data-wp-bind--hidden=\"!state.hasPdfPreview\" hidden class=\"wp-block-file__embed\" data=\"https:\/\/andragogieformation.fr\/wp-content\/uploads\/2025\/06\/Fiche-Formation-LabVIEW.pdf\" type=\"application\/pdf\" style=\"width:100%;height:600px\" aria-label=\"Contenu embarqu\u00e9 Fiche Formation LabVIEW.\"><\/object><a id=\"wp-block-file--media-59006d97-be4a-407a-96c3-1ef856396a1e\" href=\"https:\/\/andragogieformation.fr\/wp-content\/uploads\/2025\/06\/Fiche-Formation-LabVIEW.pdf\">Fiche Formation LabVIEW<\/a><a href=\"https:\/\/andragogieformation.fr\/wp-content\/uploads\/2025\/06\/Fiche-Formation-LabVIEW.pdf\" class=\"wp-block-file__button wp-element-button\" download aria-describedby=\"wp-block-file--media-59006d97-be4a-407a-96c3-1ef856396a1e\">T\u00e9l\u00e9charger<\/a><\/div>\n","protected":false},"excerpt":{"rendered":"<p>UTILISER LabVIEW POUR CR\u00c9ER DES APPLICATIONS DE MESURE ET DE TESTSPublic : Technicien sup\u00e9rieur, technicien, ing\u00e9nieur ou toute personne concern\u00e9e par la mesure et ayant une exp\u00e9rience, niveau d\u00e9butant, de la programmation. Cette formation ne requiert aucune connaissance particuli\u00e8re de l\u2019outil LabVIEW Dur\u00e9e : 38 h sur 4 moisObjectif : La formation \u00ab Utiliser LabVIEW [&hellip;]<\/p>\n","protected":false},"author":1,"featured_media":0,"parent":0,"menu_order":0,"comment_status":"closed","ping_status":"closed","template":"","meta":{"footnotes":""},"class_list":["post-145","page","type-page","status-publish","hentry"],"yoast_head":"<!-- This site is optimized with the Yoast SEO plugin v25.5 - https:\/\/yoast.com\/wordpress\/plugins\/seo\/ -->\n<title>ANDRAGOGIE Formation - UTILISER LABVIEW<\/title>\n<meta name=\"description\" content=\"La formation \u00ab Utiliser LabVIEW pour cr\u00e9er des applications de mesure et de tests \u00bb permet de s\u2019initier \u00e0 la programmation graphique.\" \/>\n<meta name=\"robots\" content=\"noindex, nofollow\" \/>\n<meta property=\"og:locale\" content=\"fr_FR\" \/>\n<meta property=\"og:type\" content=\"article\" \/>\n<meta property=\"og:title\" content=\"ANDRAGOGIE Formation - UTILISER LABVIEW\" \/>\n<meta property=\"og:description\" content=\"La formation \u00ab Utiliser LabVIEW pour cr\u00e9er des applications de mesure et de tests \u00bb permet de s\u2019initier \u00e0 la programmation graphique.\" \/>\n<meta property=\"og:url\" content=\"https:\/\/andragogieformation.fr\/index.php\/utiliser-labview-pour-creer-des-applicationsde-mesure-et-de-tests\/\" \/>\n<meta property=\"og:site_name\" content=\"ANDRAGOGIE Formation\" \/>\n<meta property=\"article:modified_time\" content=\"2026-04-22T14:57:07+00:00\" \/>\n<meta property=\"og:image\" content=\"https:\/\/andragogieformation.fr\/wp-content\/uploads\/2025\/08\/formation-coherence-cardiaque-participants-scaled.jpg\" \/>\n\t<meta property=\"og:image:width\" content=\"2560\" \/>\n\t<meta property=\"og:image:height\" content=\"1776\" \/>\n\t<meta property=\"og:image:type\" content=\"image\/jpeg\" \/>\n<meta name=\"twitter:card\" content=\"summary_large_image\" \/>\n<meta name=\"twitter:label1\" content=\"Dur\u00e9e de lecture estim\u00e9e\" \/>\n\t<meta name=\"twitter:data1\" content=\"1 minute\" \/>\n<script type=\"application\/ld+json\" class=\"yoast-schema-graph\">{\"@context\":\"https:\/\/schema.org\",\"@graph\":[{\"@type\":\"WebPage\",\"@id\":\"https:\/\/andragogieformation.fr\/index.php\/utiliser-labview-pour-creer-des-applicationsde-mesure-et-de-tests\/\",\"url\":\"https:\/\/andragogieformation.fr\/index.php\/utiliser-labview-pour-creer-des-applicationsde-mesure-et-de-tests\/\",\"name\":\"ANDRAGOGIE Formation - UTILISER LABVIEW\",\"isPartOf\":{\"@id\":\"https:\/\/andragogieformation.fr\/#website\"},\"datePublished\":\"2025-04-12T14:25:33+00:00\",\"dateModified\":\"2026-04-22T14:57:07+00:00\",\"description\":\"La formation \u00ab Utiliser LabVIEW pour cr\u00e9er des applications de mesure et de tests \u00bb permet de s\u2019initier \u00e0 la programmation graphique.\",\"breadcrumb\":{\"@id\":\"https:\/\/andragogieformation.fr\/index.php\/utiliser-labview-pour-creer-des-applicationsde-mesure-et-de-tests\/#breadcrumb\"},\"inLanguage\":\"fr-FR\",\"potentialAction\":[{\"@type\":\"ReadAction\",\"target\":[\"https:\/\/andragogieformation.fr\/index.php\/utiliser-labview-pour-creer-des-applicationsde-mesure-et-de-tests\/\"]}]},{\"@type\":\"BreadcrumbList\",\"@id\":\"https:\/\/andragogieformation.fr\/index.php\/utiliser-labview-pour-creer-des-applicationsde-mesure-et-de-tests\/#breadcrumb\",\"itemListElement\":[{\"@type\":\"ListItem\",\"position\":1,\"name\":\"Accueil\",\"item\":\"https:\/\/andragogieformation.fr\/\"},{\"@type\":\"ListItem\",\"position\":2,\"name\":\"UTILISER LABVIEW\"}]},{\"@type\":\"WebSite\",\"@id\":\"https:\/\/andragogieformation.fr\/#website\",\"url\":\"https:\/\/andragogieformation.fr\/\",\"name\":\"www.andragogieformation.fr\",\"description\":\"Organisme de formation pour adultes\",\"publisher\":{\"@id\":\"https:\/\/andragogieformation.fr\/#organization\"},\"alternateName\":\"ANDRAGOGIE\",\"potentialAction\":[{\"@type\":\"SearchAction\",\"target\":{\"@type\":\"EntryPoint\",\"urlTemplate\":\"https:\/\/andragogieformation.fr\/?s={search_term_string}\"},\"query-input\":{\"@type\":\"PropertyValueSpecification\",\"valueRequired\":true,\"valueName\":\"search_term_string\"}}],\"inLanguage\":\"fr-FR\"},{\"@type\":\"Organization\",\"@id\":\"https:\/\/andragogieformation.fr\/#organization\",\"name\":\"www.andragogieformation.fr\",\"alternateName\":\"ANDRAGOGIE\",\"url\":\"https:\/\/andragogieformation.fr\/\",\"logo\":{\"@type\":\"ImageObject\",\"inLanguage\":\"fr-FR\",\"@id\":\"https:\/\/andragogieformation.fr\/#\/schema\/logo\/image\/\",\"url\":\"https:\/\/andragogieformation.fr\/wp-content\/uploads\/2026\/02\/elargis_logo_Andragogie_conseil_formation.jpg\",\"contentUrl\":\"https:\/\/andragogieformation.fr\/wp-content\/uploads\/2026\/02\/elargis_logo_Andragogie_conseil_formation.jpg\",\"width\":1039,\"height\":597,\"caption\":\"www.andragogieformation.fr\"},\"image\":{\"@id\":\"https:\/\/andragogieformation.fr\/#\/schema\/logo\/image\/\"},\"sameAs\":[\"https:\/\/www.linkedin.com\/company\/105508468\"]}]}<\/script>\n<!-- \/ Yoast SEO plugin. -->","yoast_head_json":{"title":"ANDRAGOGIE Formation - UTILISER LABVIEW","description":"La formation \u00ab Utiliser LabVIEW pour cr\u00e9er des applications de mesure et de tests \u00bb permet de s\u2019initier \u00e0 la programmation graphique.","robots":{"index":"noindex","follow":"nofollow"},"og_locale":"fr_FR","og_type":"article","og_title":"ANDRAGOGIE Formation - UTILISER LABVIEW","og_description":"La formation \u00ab Utiliser LabVIEW pour cr\u00e9er des applications de mesure et de tests \u00bb permet de s\u2019initier \u00e0 la programmation graphique.","og_url":"https:\/\/andragogieformation.fr\/index.php\/utiliser-labview-pour-creer-des-applicationsde-mesure-et-de-tests\/","og_site_name":"ANDRAGOGIE Formation","article_modified_time":"2026-04-22T14:57:07+00:00","og_image":[{"width":2560,"height":1776,"url":"https:\/\/andragogieformation.fr\/wp-content\/uploads\/2025\/08\/formation-coherence-cardiaque-participants-scaled.jpg","type":"image\/jpeg"}],"twitter_card":"summary_large_image","twitter_misc":{"Dur\u00e9e de lecture estim\u00e9e":"1 minute"},"schema":{"@context":"https:\/\/schema.org","@graph":[{"@type":"WebPage","@id":"https:\/\/andragogieformation.fr\/index.php\/utiliser-labview-pour-creer-des-applicationsde-mesure-et-de-tests\/","url":"https:\/\/andragogieformation.fr\/index.php\/utiliser-labview-pour-creer-des-applicationsde-mesure-et-de-tests\/","name":"ANDRAGOGIE Formation - UTILISER LABVIEW","isPartOf":{"@id":"https:\/\/andragogieformation.fr\/#website"},"datePublished":"2025-04-12T14:25:33+00:00","dateModified":"2026-04-22T14:57:07+00:00","description":"La formation \u00ab Utiliser LabVIEW pour cr\u00e9er des applications de mesure et de tests \u00bb permet de s\u2019initier \u00e0 la programmation graphique.","breadcrumb":{"@id":"https:\/\/andragogieformation.fr\/index.php\/utiliser-labview-pour-creer-des-applicationsde-mesure-et-de-tests\/#breadcrumb"},"inLanguage":"fr-FR","potentialAction":[{"@type":"ReadAction","target":["https:\/\/andragogieformation.fr\/index.php\/utiliser-labview-pour-creer-des-applicationsde-mesure-et-de-tests\/"]}]},{"@type":"BreadcrumbList","@id":"https:\/\/andragogieformation.fr\/index.php\/utiliser-labview-pour-creer-des-applicationsde-mesure-et-de-tests\/#breadcrumb","itemListElement":[{"@type":"ListItem","position":1,"name":"Accueil","item":"https:\/\/andragogieformation.fr\/"},{"@type":"ListItem","position":2,"name":"UTILISER LABVIEW"}]},{"@type":"WebSite","@id":"https:\/\/andragogieformation.fr\/#website","url":"https:\/\/andragogieformation.fr\/","name":"www.andragogieformation.fr","description":"Organisme de formation pour adultes","publisher":{"@id":"https:\/\/andragogieformation.fr\/#organization"},"alternateName":"ANDRAGOGIE","potentialAction":[{"@type":"SearchAction","target":{"@type":"EntryPoint","urlTemplate":"https:\/\/andragogieformation.fr\/?s={search_term_string}"},"query-input":{"@type":"PropertyValueSpecification","valueRequired":true,"valueName":"search_term_string"}}],"inLanguage":"fr-FR"},{"@type":"Organization","@id":"https:\/\/andragogieformation.fr\/#organization","name":"www.andragogieformation.fr","alternateName":"ANDRAGOGIE","url":"https:\/\/andragogieformation.fr\/","logo":{"@type":"ImageObject","inLanguage":"fr-FR","@id":"https:\/\/andragogieformation.fr\/#\/schema\/logo\/image\/","url":"https:\/\/andragogieformation.fr\/wp-content\/uploads\/2026\/02\/elargis_logo_Andragogie_conseil_formation.jpg","contentUrl":"https:\/\/andragogieformation.fr\/wp-content\/uploads\/2026\/02\/elargis_logo_Andragogie_conseil_formation.jpg","width":1039,"height":597,"caption":"www.andragogieformation.fr"},"image":{"@id":"https:\/\/andragogieformation.fr\/#\/schema\/logo\/image\/"},"sameAs":["https:\/\/www.linkedin.com\/company\/105508468"]}]}},"_links":{"self":[{"href":"https:\/\/andragogieformation.fr\/index.php\/wp-json\/wp\/v2\/pages\/145","targetHints":{"allow":["GET"]}}],"collection":[{"href":"https:\/\/andragogieformation.fr\/index.php\/wp-json\/wp\/v2\/pages"}],"about":[{"href":"https:\/\/andragogieformation.fr\/index.php\/wp-json\/wp\/v2\/types\/page"}],"author":[{"embeddable":true,"href":"https:\/\/andragogieformation.fr\/index.php\/wp-json\/wp\/v2\/users\/1"}],"replies":[{"embeddable":true,"href":"https:\/\/andragogieformation.fr\/index.php\/wp-json\/wp\/v2\/comments?post=145"}],"version-history":[{"count":4,"href":"https:\/\/andragogieformation.fr\/index.php\/wp-json\/wp\/v2\/pages\/145\/revisions"}],"predecessor-version":[{"id":475,"href":"https:\/\/andragogieformation.fr\/index.php\/wp-json\/wp\/v2\/pages\/145\/revisions\/475"}],"wp:attachment":[{"href":"https:\/\/andragogieformation.fr\/index.php\/wp-json\/wp\/v2\/media?parent=145"}],"curies":[{"name":"wp","href":"https:\/\/api.w.org\/{rel}","templated":true}]}}