{"id":166,"date":"2025-04-25T18:58:29","date_gmt":"2025-04-25T16:58:29","guid":{"rendered":"https:\/\/acaciafrance.fr\/?page_id=166"},"modified":"2026-04-22T17:14:11","modified_gmt":"2026-04-22T15:14:11","slug":"conditions-generales-de-vente-cgv","status":"publish","type":"page","link":"https:\/\/andragogieformation.fr\/index.php\/conditions-generales-de-vente-cgv\/","title":{"rendered":"Conditions-G\u00e9n\u00e9rales-de-Vente"},"content":{"rendered":"\t\t<div data-elementor-type=\"wp-page\" data-elementor-id=\"166\" class=\"elementor elementor-166\" data-elementor-post-type=\"page\">\n\t\t\t\t<div class=\"elementor-element elementor-element-7d041f0 e-flex e-con-boxed e-con e-parent\" data-id=\"7d041f0\" data-element_type=\"container\" data-settings=\"{&quot;background_background&quot;:&quot;gradient&quot;}\">\n\t\t\t\t\t<div class=\"e-con-inner\">\n\t\t<div class=\"elementor-element elementor-element-0cfba27 e-con-full e-flex e-con e-child\" data-id=\"0cfba27\" data-element_type=\"container\">\n\t\t\t\t<div class=\"elementor-element elementor-element-2896b80 elementor-widget__width-initial elementor-widget elementor-widget-heading\" data-id=\"2896b80\" data-element_type=\"widget\" data-widget_type=\"heading.default\">\n\t\t\t\t\t<h1 class=\"elementor-heading-title elementor-size-default\">Conditions G\u00e9n\u00e9rales de ventes\n<\/h1>\t\t\t\t<\/div>\n\t\t\t\t<div class=\"elementor-element elementor-element-2c14122 elementor-widget elementor-widget-text-editor\" data-id=\"2c14122\" data-element_type=\"widget\" data-widget_type=\"text-editor.default\">\n\t\t\t\t\t\t\t\t\t<p>Former pour transformer. Apprendre pour grandir.<\/p>\t\t\t\t\t\t\t\t<\/div>\n\t\t\t\t<\/div>\n\t\t<div class=\"elementor-element elementor-element-fc9c5b5 e-con-full e-flex e-con e-child\" data-id=\"fc9c5b5\" data-element_type=\"container\">\n\t\t\t\t<div class=\"elementor-element elementor-element-bf51eb5 elementor-widget elementor-widget-image\" data-id=\"bf51eb5\" data-element_type=\"widget\" data-widget_type=\"image.default\">\n\t\t\t\t\t\t\t\t\t\t\t\t\t\t\t<img fetchpriority=\"high\" decoding=\"async\" width=\"768\" height=\"513\" src=\"https:\/\/andragogieformation.fr\/wp-content\/uploads\/2025\/09\/inscriptions-formations-andragogie-768x513.jpg\" class=\"attachment-medium_large size-medium_large wp-image-1028\" alt=\"\" srcset=\"https:\/\/andragogieformation.fr\/wp-content\/uploads\/2025\/09\/inscriptions-formations-andragogie-768x513.jpg 768w, https:\/\/andragogieformation.fr\/wp-content\/uploads\/2025\/09\/inscriptions-formations-andragogie-300x200.jpg 300w, https:\/\/andragogieformation.fr\/wp-content\/uploads\/2025\/09\/inscriptions-formations-andragogie-1024x683.jpg 1024w, https:\/\/andragogieformation.fr\/wp-content\/uploads\/2025\/09\/inscriptions-formations-andragogie-1536x1025.jpg 1536w\" sizes=\"(max-width: 768px) 100vw, 768px\" \/>\t\t\t\t\t\t\t\t\t\t\t\t\t\t\t<\/div>\n\t\t\t\t<\/div>\n\t\t\t\t\t<\/div>\n\t\t\t\t<\/div>\n\t\t<div class=\"elementor-element elementor-element-35f744d5 e-flex e-con-boxed e-con e-parent\" data-id=\"35f744d5\" data-element_type=\"container\">\n\t\t\t\t\t<div class=\"e-con-inner\">\n\t\t\t\t<div class=\"elementor-element elementor-element-3f705bab elementor-widget elementor-widget-text-editor\" data-id=\"3f705bab\" data-element_type=\"widget\" data-widget_type=\"text-editor.default\">\n\t\t\t\t\t\t\t\t\t\n<p>Conditions-g\u00e9n\u00e9rales-de-ventes-cgv \u2013 <a href=\"http:\/\/www.andragogieformation.Fr\">www.andragogieformation.fr<\/a><\/p>\n\n<p>Derni\u00e8re mise \u00e0 jour des conditions-g\u00e9n\u00e9rales-de-ventes : 25 avril 2025<\/p>\n\n<h2 class=\"wp-block-heading\">1. Objet<\/h2>\n\n<p>Les pr\u00e9sentes Conditions-g\u00e9n\u00e9rales-de-ventes ANDRAGOGIE (CGV) ont pour objet de d\u00e9finir les modalit\u00e9s d\u2019ex\u00e9cution des prestations de formation propos\u00e9es par EURL ANDRAGOGIE, ci-apr\u00e8s d\u00e9sign\u00e9 \u00ab l\u2019Organisme de Formation \u00bb.<\/p>\n\n<h2 class=\"wp-block-heading\">2. Champ d&rsquo;application<\/h2>\n\n<p>Les pr\u00e9sentes conditions-g\u00e9n\u00e9rales-de-ventes ANDRAGOGIE s\u2019appliquent \u00e0 toutes les prestations de formation r\u00e9alis\u00e9es par l\u2019Organisme de Formation, qu\u2019elles soient dispens\u00e9es en pr\u00e9sentiel ou \u00e0 distance, en inter ou intra-entreprise.<\/p>\n\n<h2 class=\"wp-block-heading\">3. Inscriptions<\/h2>\n\n<p>L\u2019inscription \u00e0 une formation devient d\u00e9finitive \u00e0 r\u00e9ception du <a href=\"https:\/\/andragogieformation.fr\/index.php\/formulaire-dinscription-a-une-formation\/\">bulletin d\u2019inscription<\/a> sign\u00e9 ou de la convention de formation accept\u00e9e. Toute commande implique l\u2019adh\u00e9sion enti\u00e8re et sans r\u00e9serve du client aux pr\u00e9sentes CGV. Les inscriptions seront retenues par ordre d\u2019arriv\u00e9e dans la limite des places disponibles, de 10 \u00e0 15 participants selon les formations. Toute participation \u00e0 un stage sera factur\u00e9e au tarif en vigueur au moment de l\u2019inscription. L\u2019Organisme de Formation se r\u00e9serve le droit d\u2019annuler une formation jusqu\u2019\u00e0 trois semaines avant le d\u00e9but de la session.<\/p>\n\n<h2 class=\"wp-block-heading\">4. Prix et modalit\u00e9s de paiement<\/h2>\n\n<p>Les prix sont indiqu\u00e9s en euros et hors taxes (HT). Le r\u00e8glement s\u2019effectue selon les modalit\u00e9s suivantes :<br \/>&#8211; 30 % \u00e0 la commande (ou \u00e0 la signature de la convention), sauf sp\u00e9cification contraires en accord avec l\u2019Organisme de formation.<br \/>&#8211; Le solde \u00e0 la fin de la formation, \u00e0 r\u00e9ception de facture<br \/><br \/>En cas de prise en charge par un OPCO ou un autre organisme financeur, il appartient au client de faire la demande de financement avant le d\u00e9but de la formation. En cas de non-paiement par l\u2019organisme financeur, le client reste redevable de l\u2019int\u00e9gralit\u00e9 du co\u00fbt de la formation.<\/p>\n\n<h2 class=\"wp-block-heading\">5. Conditions d\u2019annulation \/ report<\/h2>\n\n<p>&#8211; Annulation par le client :<br \/>\u00a0\u00a0 &#8211; Plus de 30 jours avant le d\u00e9but : remboursement int\u00e9gral<br \/>\u00a0\u00a0 &#8211; Entre 30 et 15 jours : 50 % du prix total est d\u00fb<br \/>\u00a0\u00a0 &#8211; Moins de 7 jours : 100 % du prix total est d\u00fb<br \/>&#8211; Annulation par l\u2019Organisme de Formation : report ou remboursement int\u00e9gral propos\u00e9.<\/p>\n\n<h2 class=\"wp-block-heading\">6. Assiduit\u00e9 et attestations<\/h2>\n\n<p>Une attestation de pr\u00e9sence ou de fin de formation est remise au stagiaire \u00e0 l\u2019issue de la formation, sous r\u00e9serve de sa participation effective \u00e0 l\u2019ensemble des modules.<\/p>\n\n<h2 class=\"wp-block-heading\">7. Propri\u00e9t\u00e9 intellectuelle<\/h2>\n\n<p>Les supports de formation sont la propri\u00e9t\u00e9 exclusive de l\u2019Organisme de Formation. Toute reproduction, diffusion ou utilisation sans autorisation \u00e9crite est interdite.<\/p>\n\n<h2 class=\"wp-block-heading\">8. Responsabilit\u00e9<\/h2>\n\n<p>L\u2019Organisme de Formation s\u2019engage \u00e0 mettre en \u0153uvre tous les moyens n\u00e9cessaires pour garantir la qualit\u00e9 des prestations. Il ne peut \u00eatre tenu responsable de dommages indirects, ou d\u2019un manque de r\u00e9sultats.<\/p>\n\n<h2 class=\"wp-block-heading\">9. Protection des donn\u00e9es<\/h2>\n\n<p>Les informations personnelles recueillies font l\u2019objet d\u2019un traitement informatique conforme au <a href=\"https:\/\/andragogieformation.fr\/index.php\/rgpd-article-9\/\">RGPD<\/a>. Le client dispose d\u2019un droit d\u2019acc\u00e8s, de rectification ou de suppression des donn\u00e9es le concernant.<\/p>\n\n<h2 class=\"wp-block-heading\">10. Loi applicable \u2013 Litiges<\/h2>\n\n<p>Les pr\u00e9sentes Conditions-g\u00e9n\u00e9rales-de-ventes ANDRAGOGIE (CGV) sont soumises au droit fran\u00e7ais. En cas de litige, et \u00e0 d\u00e9faut de r\u00e8glement amiable, les tribunaux comp\u00e9tents seront ceux du ressort du si\u00e8ge social de l\u2019Organisme de Formation.<\/p>\n\n<p>\u00a0<\/p>\n\t\t\t\t\t\t\t\t<\/div>\n\t\t\t\t\t<\/div>\n\t\t\t\t<\/div>\n\t\t\t\t<\/div>\n\t\t","protected":false},"excerpt":{"rendered":"<p>Conditions G\u00e9n\u00e9rales de ventes Former pour transformer. Apprendre pour grandir. Conditions-g\u00e9n\u00e9rales-de-ventes-cgv \u2013 www.andragogieformation.fr Derni\u00e8re mise \u00e0 jour des conditions-g\u00e9n\u00e9rales-de-ventes : 25 avril 2025 1. Objet Les pr\u00e9sentes Conditions-g\u00e9n\u00e9rales-de-ventes ANDRAGOGIE (CGV) ont pour objet de d\u00e9finir les modalit\u00e9s d\u2019ex\u00e9cution des prestations de formation propos\u00e9es par EURL ANDRAGOGIE, ci-apr\u00e8s d\u00e9sign\u00e9 \u00ab l\u2019Organisme de Formation \u00bb. 2. Champ [&hellip;]<\/p>\n","protected":false},"author":1,"featured_media":0,"parent":0,"menu_order":0,"comment_status":"closed","ping_status":"closed","template":"","meta":{"footnotes":""},"class_list":["post-166","page","type-page","status-publish","hentry"],"yoast_head":"<!-- This site is optimized with the Yoast SEO plugin v25.5 - https:\/\/yoast.com\/wordpress\/plugins\/seo\/ -->\n<title>Conditions-G\u00e9n\u00e9rales-de-Vente - ANDRAGOGIE Formation<\/title>\n<meta name=\"description\" content=\"Les conditions-g\u00e9n\u00e9rales-de-ventes (CGV) ont pour objet de d\u00e9finir les modalit\u00e9s d\u2019ex\u00e9cution des prestations de formation propos\u00e9es.\" \/>\n<meta name=\"robots\" content=\"noindex, nofollow\" \/>\n<meta property=\"og:locale\" content=\"fr_FR\" \/>\n<meta property=\"og:type\" content=\"article\" \/>\n<meta property=\"og:title\" content=\"Conditions-G\u00e9n\u00e9rales-de-Vente - ANDRAGOGIE Formation\" \/>\n<meta property=\"og:description\" content=\"Les conditions-g\u00e9n\u00e9rales-de-ventes (CGV) ont pour objet de d\u00e9finir les modalit\u00e9s d\u2019ex\u00e9cution des prestations de formation propos\u00e9es.\" \/>\n<meta property=\"og:url\" content=\"https:\/\/andragogieformation.fr\/index.php\/conditions-generales-de-vente-cgv\/\" \/>\n<meta property=\"og:site_name\" content=\"ANDRAGOGIE Formation\" \/>\n<meta property=\"article:modified_time\" content=\"2026-04-22T15:14:11+00:00\" \/>\n<meta property=\"og:image\" content=\"https:\/\/andragogieformation.fr\/wp-content\/uploads\/2025\/09\/inscriptions-formations-andragogie-768x513.jpg\" \/>\n<meta name=\"twitter:card\" content=\"summary_large_image\" \/>\n<meta name=\"twitter:label1\" content=\"Dur\u00e9e de lecture estim\u00e9e\" \/>\n\t<meta name=\"twitter:data1\" content=\"3 minutes\" \/>\n<script type=\"application\/ld+json\" class=\"yoast-schema-graph\">{\"@context\":\"https:\/\/schema.org\",\"@graph\":[{\"@type\":\"WebPage\",\"@id\":\"https:\/\/andragogieformation.fr\/index.php\/conditions-generales-de-vente-cgv\/\",\"url\":\"https:\/\/andragogieformation.fr\/index.php\/conditions-generales-de-vente-cgv\/\",\"name\":\"Conditions-G\u00e9n\u00e9rales-de-Vente - ANDRAGOGIE Formation\",\"isPartOf\":{\"@id\":\"https:\/\/andragogieformation.fr\/#website\"},\"primaryImageOfPage\":{\"@id\":\"https:\/\/andragogieformation.fr\/index.php\/conditions-generales-de-vente-cgv\/#primaryimage\"},\"image\":{\"@id\":\"https:\/\/andragogieformation.fr\/index.php\/conditions-generales-de-vente-cgv\/#primaryimage\"},\"thumbnailUrl\":\"https:\/\/andragogieformation.fr\/wp-content\/uploads\/2025\/09\/inscriptions-formations-andragogie-768x513.jpg\",\"datePublished\":\"2025-04-25T16:58:29+00:00\",\"dateModified\":\"2026-04-22T15:14:11+00:00\",\"description\":\"Les conditions-g\u00e9n\u00e9rales-de-ventes (CGV) ont pour objet de d\u00e9finir les modalit\u00e9s d\u2019ex\u00e9cution des prestations de formation propos\u00e9es.\",\"breadcrumb\":{\"@id\":\"https:\/\/andragogieformation.fr\/index.php\/conditions-generales-de-vente-cgv\/#breadcrumb\"},\"inLanguage\":\"fr-FR\",\"potentialAction\":[{\"@type\":\"ReadAction\",\"target\":[\"https:\/\/andragogieformation.fr\/index.php\/conditions-generales-de-vente-cgv\/\"]}]},{\"@type\":\"ImageObject\",\"inLanguage\":\"fr-FR\",\"@id\":\"https:\/\/andragogieformation.fr\/index.php\/conditions-generales-de-vente-cgv\/#primaryimage\",\"url\":\"https:\/\/andragogieformation.fr\/wp-content\/uploads\/2025\/09\/inscriptions-formations-andragogie-scaled.jpg\",\"contentUrl\":\"https:\/\/andragogieformation.fr\/wp-content\/uploads\/2025\/09\/inscriptions-formations-andragogie-scaled.jpg\",\"width\":2560,\"height\":1709,\"caption\":\"Getting donations.\"},{\"@type\":\"BreadcrumbList\",\"@id\":\"https:\/\/andragogieformation.fr\/index.php\/conditions-generales-de-vente-cgv\/#breadcrumb\",\"itemListElement\":[{\"@type\":\"ListItem\",\"position\":1,\"name\":\"Accueil\",\"item\":\"https:\/\/andragogieformation.fr\/\"},{\"@type\":\"ListItem\",\"position\":2,\"name\":\"Conditions-G\u00e9n\u00e9rales-de-Vente\"}]},{\"@type\":\"WebSite\",\"@id\":\"https:\/\/andragogieformation.fr\/#website\",\"url\":\"https:\/\/andragogieformation.fr\/\",\"name\":\"www.andragogieformation.fr\",\"description\":\"Organisme de formation pour adultes\",\"publisher\":{\"@id\":\"https:\/\/andragogieformation.fr\/#organization\"},\"alternateName\":\"ANDRAGOGIE\",\"potentialAction\":[{\"@type\":\"SearchAction\",\"target\":{\"@type\":\"EntryPoint\",\"urlTemplate\":\"https:\/\/andragogieformation.fr\/?s={search_term_string}\"},\"query-input\":{\"@type\":\"PropertyValueSpecification\",\"valueRequired\":true,\"valueName\":\"search_term_string\"}}],\"inLanguage\":\"fr-FR\"},{\"@type\":\"Organization\",\"@id\":\"https:\/\/andragogieformation.fr\/#organization\",\"name\":\"www.andragogieformation.fr\",\"alternateName\":\"ANDRAGOGIE\",\"url\":\"https:\/\/andragogieformation.fr\/\",\"logo\":{\"@type\":\"ImageObject\",\"inLanguage\":\"fr-FR\",\"@id\":\"https:\/\/andragogieformation.fr\/#\/schema\/logo\/image\/\",\"url\":\"https:\/\/andragogieformation.fr\/wp-content\/uploads\/2026\/02\/elargis_logo_Andragogie_conseil_formation.jpg\",\"contentUrl\":\"https:\/\/andragogieformation.fr\/wp-content\/uploads\/2026\/02\/elargis_logo_Andragogie_conseil_formation.jpg\",\"width\":1039,\"height\":597,\"caption\":\"www.andragogieformation.fr\"},\"image\":{\"@id\":\"https:\/\/andragogieformation.fr\/#\/schema\/logo\/image\/\"},\"sameAs\":[\"https:\/\/www.linkedin.com\/company\/105508468\"]}]}<\/script>\n<!-- \/ Yoast SEO plugin. -->","yoast_head_json":{"title":"Conditions-G\u00e9n\u00e9rales-de-Vente - ANDRAGOGIE Formation","description":"Les conditions-g\u00e9n\u00e9rales-de-ventes (CGV) ont pour objet de d\u00e9finir les modalit\u00e9s d\u2019ex\u00e9cution des prestations de formation propos\u00e9es.","robots":{"index":"noindex","follow":"nofollow"},"og_locale":"fr_FR","og_type":"article","og_title":"Conditions-G\u00e9n\u00e9rales-de-Vente - ANDRAGOGIE Formation","og_description":"Les conditions-g\u00e9n\u00e9rales-de-ventes (CGV) ont pour objet de d\u00e9finir les modalit\u00e9s d\u2019ex\u00e9cution des prestations de formation propos\u00e9es.","og_url":"https:\/\/andragogieformation.fr\/index.php\/conditions-generales-de-vente-cgv\/","og_site_name":"ANDRAGOGIE Formation","article_modified_time":"2026-04-22T15:14:11+00:00","og_image":[{"url":"https:\/\/andragogieformation.fr\/wp-content\/uploads\/2025\/09\/inscriptions-formations-andragogie-768x513.jpg","type":"","width":"","height":""}],"twitter_card":"summary_large_image","twitter_misc":{"Dur\u00e9e de lecture estim\u00e9e":"3 minutes"},"schema":{"@context":"https:\/\/schema.org","@graph":[{"@type":"WebPage","@id":"https:\/\/andragogieformation.fr\/index.php\/conditions-generales-de-vente-cgv\/","url":"https:\/\/andragogieformation.fr\/index.php\/conditions-generales-de-vente-cgv\/","name":"Conditions-G\u00e9n\u00e9rales-de-Vente - ANDRAGOGIE Formation","isPartOf":{"@id":"https:\/\/andragogieformation.fr\/#website"},"primaryImageOfPage":{"@id":"https:\/\/andragogieformation.fr\/index.php\/conditions-generales-de-vente-cgv\/#primaryimage"},"image":{"@id":"https:\/\/andragogieformation.fr\/index.php\/conditions-generales-de-vente-cgv\/#primaryimage"},"thumbnailUrl":"https:\/\/andragogieformation.fr\/wp-content\/uploads\/2025\/09\/inscriptions-formations-andragogie-768x513.jpg","datePublished":"2025-04-25T16:58:29+00:00","dateModified":"2026-04-22T15:14:11+00:00","description":"Les conditions-g\u00e9n\u00e9rales-de-ventes (CGV) ont pour objet de d\u00e9finir les modalit\u00e9s d\u2019ex\u00e9cution des prestations de formation propos\u00e9es.","breadcrumb":{"@id":"https:\/\/andragogieformation.fr\/index.php\/conditions-generales-de-vente-cgv\/#breadcrumb"},"inLanguage":"fr-FR","potentialAction":[{"@type":"ReadAction","target":["https:\/\/andragogieformation.fr\/index.php\/conditions-generales-de-vente-cgv\/"]}]},{"@type":"ImageObject","inLanguage":"fr-FR","@id":"https:\/\/andragogieformation.fr\/index.php\/conditions-generales-de-vente-cgv\/#primaryimage","url":"https:\/\/andragogieformation.fr\/wp-content\/uploads\/2025\/09\/inscriptions-formations-andragogie-scaled.jpg","contentUrl":"https:\/\/andragogieformation.fr\/wp-content\/uploads\/2025\/09\/inscriptions-formations-andragogie-scaled.jpg","width":2560,"height":1709,"caption":"Getting donations."},{"@type":"BreadcrumbList","@id":"https:\/\/andragogieformation.fr\/index.php\/conditions-generales-de-vente-cgv\/#breadcrumb","itemListElement":[{"@type":"ListItem","position":1,"name":"Accueil","item":"https:\/\/andragogieformation.fr\/"},{"@type":"ListItem","position":2,"name":"Conditions-G\u00e9n\u00e9rales-de-Vente"}]},{"@type":"WebSite","@id":"https:\/\/andragogieformation.fr\/#website","url":"https:\/\/andragogieformation.fr\/","name":"www.andragogieformation.fr","description":"Organisme de formation pour adultes","publisher":{"@id":"https:\/\/andragogieformation.fr\/#organization"},"alternateName":"ANDRAGOGIE","potentialAction":[{"@type":"SearchAction","target":{"@type":"EntryPoint","urlTemplate":"https:\/\/andragogieformation.fr\/?s={search_term_string}"},"query-input":{"@type":"PropertyValueSpecification","valueRequired":true,"valueName":"search_term_string"}}],"inLanguage":"fr-FR"},{"@type":"Organization","@id":"https:\/\/andragogieformation.fr\/#organization","name":"www.andragogieformation.fr","alternateName":"ANDRAGOGIE","url":"https:\/\/andragogieformation.fr\/","logo":{"@type":"ImageObject","inLanguage":"fr-FR","@id":"https:\/\/andragogieformation.fr\/#\/schema\/logo\/image\/","url":"https:\/\/andragogieformation.fr\/wp-content\/uploads\/2026\/02\/elargis_logo_Andragogie_conseil_formation.jpg","contentUrl":"https:\/\/andragogieformation.fr\/wp-content\/uploads\/2026\/02\/elargis_logo_Andragogie_conseil_formation.jpg","width":1039,"height":597,"caption":"www.andragogieformation.fr"},"image":{"@id":"https:\/\/andragogieformation.fr\/#\/schema\/logo\/image\/"},"sameAs":["https:\/\/www.linkedin.com\/company\/105508468"]}]}},"_links":{"self":[{"href":"https:\/\/andragogieformation.fr\/index.php\/wp-json\/wp\/v2\/pages\/166","targetHints":{"allow":["GET"]}}],"collection":[{"href":"https:\/\/andragogieformation.fr\/index.php\/wp-json\/wp\/v2\/pages"}],"about":[{"href":"https:\/\/andragogieformation.fr\/index.php\/wp-json\/wp\/v2\/types\/page"}],"author":[{"embeddable":true,"href":"https:\/\/andragogieformation.fr\/index.php\/wp-json\/wp\/v2\/users\/1"}],"replies":[{"embeddable":true,"href":"https:\/\/andragogieformation.fr\/index.php\/wp-json\/wp\/v2\/comments?post=166"}],"version-history":[{"count":17,"href":"https:\/\/andragogieformation.fr\/index.php\/wp-json\/wp\/v2\/pages\/166\/revisions"}],"predecessor-version":[{"id":1303,"href":"https:\/\/andragogieformation.fr\/index.php\/wp-json\/wp\/v2\/pages\/166\/revisions\/1303"}],"wp:attachment":[{"href":"https:\/\/andragogieformation.fr\/index.php\/wp-json\/wp\/v2\/media?parent=166"}],"curies":[{"name":"wp","href":"https:\/\/api.w.org\/{rel}","templated":true}]}}